{"id":1368,"date":"2024-07-01T15:45:24","date_gmt":"2024-07-01T13:45:24","guid":{"rendered":"http:\/\/www.infrasolution.ag\/scs\/?page_id=1368"},"modified":"2024-09-03T07:54:49","modified_gmt":"2024-09-03T05:54:49","slug":"media-press-reviews","status":"publish","type":"page","link":"http:\/\/www.infrasolution.ag\/scs\/media-press-reviews\/","title":{"rendered":"Media &amp; Press reviews"},"content":{"rendered":"\n<p class=\"has-text-color has-link-color wp-elements-af625a61169fc3a764db45e8a17f5a23\" style=\"color:#00a4fd;font-size:20px\">MEDIA<\/p>\n\n\n\n<div style=\"height:20px\" aria-hidden=\"true\" class=\"wp-block-spacer\"><\/div>\n\n\n\n<div class=\"wp-block-columns is-layout-flex wp-container-core-columns-is-layout-28f84493 wp-block-columns-is-layout-flex\">\n<div class=\"wp-block-column is-layout-flow wp-block-column-is-layout-flow\" style=\"flex-basis:33.33%\">\n<figure class=\"wp-block-image size-full\"><img loading=\"lazy\" decoding=\"async\" width=\"300\" height=\"86\" src=\"http:\/\/www.infrasolution.ag\/scs\/wp-content\/uploads\/2024\/07\/la-vague.jpg\" alt=\"\" class=\"wp-image-1598\"\/><\/figure>\n<\/div>\n\n\n\n<div class=\"wp-block-column is-vertically-aligned-top is-layout-flow wp-block-column-is-layout-flow\" style=\"flex-basis:66.66%\">\n<p><strong>La Vague<\/strong> n\u00b063 (10\/2019).<br>Automatic Particle Measurement in Hot Air Sterilizing Tunnels (EN)<br>Comptage de particules automatis\u00e9 dans les tunnels \u00e0 air chaud (FR)<br><a href=\"https:\/\/www.linkedin.com\/posts\/a3p-association_a3p-pharma-lavague-activity-6608310584502964224-dzCf\" target=\"_blank\" rel=\"noreferrer noopener\">Link on LinkedIn<\/a><\/p>\n<\/div>\n<\/div>\n\n\n\n<div style=\"height:50px\" aria-hidden=\"true\" class=\"wp-block-spacer\"><\/div>\n\n\n\n<div class=\"wp-block-columns is-layout-flex wp-container-core-columns-is-layout-28f84493 wp-block-columns-is-layout-flex\">\n<div class=\"wp-block-column is-layout-flow wp-block-column-is-layout-flow\" style=\"flex-basis:33.33%\">\n<figure class=\"wp-block-image size-full\"><img loading=\"lazy\" decoding=\"async\" width=\"300\" height=\"86\" src=\"http:\/\/www.infrasolution.ag\/scs\/wp-content\/uploads\/2024\/07\/cci-dialog.jpg\" alt=\"\" class=\"wp-image-1599\"\/><\/figure>\n<\/div>\n\n\n\n<div class=\"wp-block-column is-vertically-aligned-top is-layout-flow wp-block-column-is-layout-flow\" style=\"flex-basis:66.66%\">\n<p><strong>CCI-Dialog <\/strong>(11\/2015).<br>1,2,3 ich komme: Partikelz\u00e4hlen leicht gemacht beim Filterlecktest<\/p>\n<\/div>\n<\/div>\n\n\n\n<div style=\"height:50px\" aria-hidden=\"true\" class=\"wp-block-spacer\"><\/div>\n\n\n\n<div class=\"wp-block-columns is-layout-flex wp-container-core-columns-is-layout-28f84493 wp-block-columns-is-layout-flex\">\n<div class=\"wp-block-column is-layout-flow wp-block-column-is-layout-flow\" style=\"flex-basis:33.33%\">\n<figure class=\"wp-block-image size-full\"><img loading=\"lazy\" decoding=\"async\" width=\"300\" height=\"86\" src=\"http:\/\/www.infrasolution.ag\/scs\/wp-content\/uploads\/2024\/07\/farma-food.jpg\" alt=\"\" class=\"wp-image-1600\"\/><\/figure>\n<\/div>\n\n\n\n<div class=\"wp-block-column is-layout-flow wp-block-column-is-layout-flow\" style=\"flex-basis:66.66%\">\n<p><strong>Pharma+Food<\/strong> (09\/2015).<br>Online-Produktreferenz: Messsystem RobotScanFlex \u2013 intelligente Automatisierungsl\u00f6sungen. <\/p>\n<\/div>\n<\/div>\n\n\n\n<div style=\"height:50px\" aria-hidden=\"true\" class=\"wp-block-spacer\"><\/div>\n\n\n\n<div class=\"wp-block-columns is-layout-flex wp-container-core-columns-is-layout-28f84493 wp-block-columns-is-layout-flex\">\n<div class=\"wp-block-column is-layout-flow wp-block-column-is-layout-flow\" style=\"flex-basis:33.33%\">\n<figure class=\"wp-block-image size-full\"><img loading=\"lazy\" decoding=\"async\" width=\"300\" height=\"86\" src=\"http:\/\/www.infrasolution.ag\/scs\/wp-content\/uploads\/2024\/07\/contamination-control-report.jpg\" alt=\"\" class=\"wp-image-1601\"\/><\/figure>\n<\/div>\n\n\n\n<div class=\"wp-block-column is-layout-flow wp-block-column-is-layout-flow\" style=\"flex-basis:66.66%\">\n<p><strong>CC-Report<\/strong> (10\/2015).<br>Cleanroom Award f\u00fcr roboter-gesteuerten Integrit\u00e4tstest<\/p>\n<\/div>\n<\/div>\n\n\n\n<div style=\"height:50px\" aria-hidden=\"true\" class=\"wp-block-spacer\"><\/div>\n\n\n\n<div class=\"wp-block-columns is-layout-flex wp-container-core-columns-is-layout-28f84493 wp-block-columns-is-layout-flex\">\n<div class=\"wp-block-column is-layout-flow wp-block-column-is-layout-flow\" style=\"flex-basis:33.33%\">\n<figure class=\"wp-block-image size-full\"><img loading=\"lazy\" decoding=\"async\" width=\"300\" height=\"86\" src=\"http:\/\/www.infrasolution.ag\/scs\/wp-content\/uploads\/2024\/07\/chemanager.jpg\" alt=\"\" class=\"wp-image-1602\"\/><\/figure>\n<\/div>\n\n\n\n<div class=\"wp-block-column is-layout-flow wp-block-column-is-layout-flow\" style=\"flex-basis:66.66%\">\n<p><strong>CHEManager <\/strong>(01\/2016).<br>Infrasolution gewinnt Cleanroom Award 2015.<br><a href=\"https:\/\/www.chemanager-online.com\/themen\/reinraumtechnik\/infrasolution-gewinnt-cleanroom-award-2015\" target=\"_blank\" rel=\"noreferrer noopener\">Read online =&gt;<\/a><\/p>\n<\/div>\n<\/div>\n\n\n\n<div style=\"height:50px\" aria-hidden=\"true\" class=\"wp-block-spacer\"><\/div>\n\n\n\n<div class=\"wp-block-columns is-layout-flex wp-container-core-columns-is-layout-28f84493 wp-block-columns-is-layout-flex\">\n<div class=\"wp-block-column is-layout-flow wp-block-column-is-layout-flow\" style=\"flex-basis:33.33%\">\n<figure class=\"wp-block-image size-full\"><img loading=\"lazy\" decoding=\"async\" width=\"300\" height=\"86\" src=\"http:\/\/www.infrasolution.ag\/scs\/wp-content\/uploads\/2024\/07\/reinraum-online.jpg\" alt=\"\" class=\"wp-image-1603\"\/><\/figure>\n<\/div>\n\n\n\n<div class=\"wp-block-column is-layout-flow wp-block-column-is-layout-flow\" style=\"flex-basis:66.66%\">\n<p><strong>GIT ReinRaumTechnik<\/strong> (1\/2016).<br>InfraSolution gewinnt Cleanroom Award 2015: Auszeichnung f\u00fcr robotergest\u00fctzten Filterintegrit\u00e4tstest RobotScanFlex<\/p>\n<\/div>\n<\/div>\n\n\n\n<div style=\"height:50px\" aria-hidden=\"true\" class=\"wp-block-spacer\"><\/div>\n\n\n\n<div class=\"wp-block-columns is-layout-flex wp-container-core-columns-is-layout-28f84493 wp-block-columns-is-layout-flex\">\n<div class=\"wp-block-column is-layout-flow wp-block-column-is-layout-flow\" style=\"flex-basis:33.33%\">\n<figure class=\"wp-block-image size-full\"><img loading=\"lazy\" decoding=\"async\" width=\"300\" height=\"86\" src=\"http:\/\/www.infrasolution.ag\/scs\/wp-content\/uploads\/2024\/07\/reinraumtechnik.jpg\" alt=\"\" class=\"wp-image-1604\"\/><\/figure>\n<\/div>\n\n\n\n<div class=\"wp-block-column is-layout-flow wp-block-column-is-layout-flow\" style=\"flex-basis:66.66%\">\n<p><strong>Reinraum Online<\/strong> (12\/2015).<br>InfraSolution gewinnt Cleanroom Award 2015. P.10<\/p>\n<\/div>\n<\/div>\n\n\n\n<div style=\"height:20px\" aria-hidden=\"true\" class=\"wp-block-spacer\"><\/div>\n\n\n\n<div class=\"wp-block-columns is-layout-flex wp-container-core-columns-is-layout-28f84493 wp-block-columns-is-layout-flex\">\n<div class=\"wp-block-column is-layout-flow wp-block-column-is-layout-flow\" style=\"flex-basis:33.33%\"><\/div>\n\n\n\n<div class=\"wp-block-column is-layout-flow wp-block-column-is-layout-flow\" style=\"flex-basis:66.66%\"><\/div>\n<\/div>\n\n\n\n<div style=\"height:50px\" aria-hidden=\"true\" class=\"wp-block-spacer\"><\/div>\n\n\n\n<p class=\"has-text-color has-link-color has-medium-font-size wp-elements-44bf85afa6fd229f8b4def1aa215a445\" style=\"color:#00a4fd\">PRESS REVIEWS<\/p>\n\n\n\n<div style=\"height:20px\" aria-hidden=\"true\" class=\"wp-block-spacer\"><\/div>\n\n\n\n<div class=\"wp-block-columns alignfull has-ast-global-color-4-background-color has-background is-layout-flex wp-container-core-columns-is-layout-28f84493 wp-block-columns-is-layout-flex\">\n<div class=\"wp-block-column is-vertically-aligned-stretch has-ast-global-color-4-background-color has-background is-layout-flow wp-container-core-column-is-layout-a77db08e wp-block-column-is-layout-flow\">\n<div style=\"height:30px\" aria-hidden=\"true\" class=\"wp-block-spacer\"><\/div>\n\n\n\n<figure class=\"wp-block-image aligncenter size-full is-resized\"><img loading=\"lazy\" decoding=\"async\" width=\"50\" height=\"50\" src=\"http:\/\/www.infrasolution.ag\/scs\/wp-content\/uploads\/2024\/07\/ccr-logo-50px.jpg\" alt=\"\" class=\"wp-image-1965\" style=\"width:50px\"\/><\/figure>\n\n\n\n<div style=\"height:20px\" aria-hidden=\"true\" class=\"wp-block-spacer\"><\/div>\n\n\n\n<p class=\"has-text-align-center has-ast-global-color-4-background-color has-background\">\u00abDieser Roboter wird die Reinraumtechnik revolutionieren\u00bb lautete das Urteil der Jury und des internationalen Messepublikums. <\/p>\n\n\n\n<p class=\"has-text-align-center has-small-font-size\"><strong>Contamination Control Report<\/strong>, 10.2015<\/p>\n<\/div>\n\n\n\n<div class=\"wp-block-column is-vertically-aligned-stretch has-ast-global-color-4-background-color has-background is-layout-flow wp-container-core-column-is-layout-a77db08e wp-block-column-is-layout-flow\">\n<div style=\"height:30px\" aria-hidden=\"true\" class=\"wp-block-spacer\"><\/div>\n\n\n\n<figure class=\"wp-block-image aligncenter size-full is-resized\"><img loading=\"lazy\" decoding=\"async\" width=\"50\" height=\"50\" src=\"http:\/\/www.infrasolution.ag\/scs\/wp-content\/uploads\/2024\/07\/cleanzone-logo-50px.png\" alt=\"\" class=\"wp-image-1964\" style=\"width:50px\"\/><\/figure>\n\n\n\n<div style=\"height:20px\" aria-hidden=\"true\" class=\"wp-block-spacer\"><\/div>\n\n\n\n<p class=\"has-text-align-center has-ast-global-color-4-background-color has-background\">Infrasolution pr\u00e4sentiert automatisches Messsystem Robotscanflex erstmals auf Cleanzone 2015.<\/p>\n\n\n\n<p class=\"has-text-align-center has-small-font-size\"><strong>CleanZone<\/strong>, 08.2015<\/p>\n<\/div>\n\n\n\n<div class=\"wp-block-column is-vertically-aligned-stretch has-ast-global-color-4-background-color has-background is-layout-flow wp-container-core-column-is-layout-a77db08e wp-block-column-is-layout-flow\">\n<div style=\"height:30px\" aria-hidden=\"true\" class=\"wp-block-spacer\"><\/div>\n\n\n\n<figure class=\"wp-block-image aligncenter size-full is-resized\"><img loading=\"lazy\" decoding=\"async\" width=\"50\" height=\"50\" src=\"http:\/\/www.infrasolution.ag\/scs\/wp-content\/uploads\/2024\/07\/chemanager-logo-50px.jpg\" alt=\"\" class=\"wp-image-1962\" style=\"width:50px\"\/><\/figure>\n\n\n\n<div style=\"height:20px\" aria-hidden=\"true\" class=\"wp-block-spacer\"><\/div>\n\n\n\n<p class=\"has-text-align-center has-ast-global-color-4-background-color has-background\">\u201eDie Jury und das Fachpublikum haben erkannt und honoriert, dass der Robot Scan Flex eine pr\u00e4zisere Messung inklusive Dokumentation in k\u00fcrzerer Zeit bei geringerem Personaleinsatz erm\u00f6glicht\u201c<\/p>\n\n\n\n<p class=\"has-text-align-center has-small-font-size\"><strong>CHEManager<\/strong>, 01.02.2016<\/p>\n\n\n\n<div style=\"height:20px\" aria-hidden=\"true\" class=\"wp-block-spacer\"><\/div>\n<\/div>\n<\/div>\n","protected":false},"excerpt":{"rendered":"<p>MEDIA La Vague n\u00b063 (10\/2019).Automatic Particle Measurement in Hot Air Sterilizing Tunnels (EN)Comptage de particules automatis\u00e9 dans les tunnels \u00e0 air chaud (FR)Link on LinkedIn CCI-Dialog (11\/2015).1,2,3 ich komme: Partikelz\u00e4hlen leicht gemacht beim Filterlecktest Pharma+Food (09\/2015).Online-Produktreferenz: Messsystem RobotScanFlex \u2013 intelligente Automatisierungsl\u00f6sungen. CC-Report (10\/2015).Cleanroom Award f\u00fcr roboter-gesteuerten Integrit\u00e4tstest CHEManager (01\/2016).Infrasolution gewinnt Cleanroom Award 2015.Read online =&gt; [&hellip;]<\/p>\n","protected":false},"author":1,"featured_media":0,"parent":0,"menu_order":0,"comment_status":"closed","ping_status":"closed","template":"","meta":{"site-sidebar-layout":"default","site-content-layout":"","ast-site-content-layout":"default","site-content-style":"default","site-sidebar-style":"default","ast-global-header-display":"","ast-banner-title-visibility":"","ast-main-header-display":"","ast-hfb-above-header-display":"","ast-hfb-below-header-display":"","ast-hfb-mobile-header-display":"","site-post-title":"disabled","ast-breadcrumbs-content":"","ast-featured-img":"","footer-sml-layout":"","theme-transparent-header-meta":"","adv-header-id-meta":"","stick-header-meta":"","header-above-stick-meta":"","header-main-stick-meta":"","header-below-stick-meta":"","astra-migrate-meta-layouts":"set","ast-page-background-enabled":"default","ast-page-background-meta":{"desktop":{"background-color":"var(--ast-global-color-4)","background-image":"","background-repeat":"repeat","background-position":"center center","background-size":"auto","background-attachment":"scroll","background-type":"","background-media":"","overlay-type":"","overlay-color":"","overlay-opacity":"","overlay-gradient":""},"tablet":{"background-color":"","background-image":"","background-repeat":"repeat","background-position":"center center","background-size":"auto","background-attachment":"scroll","background-type":"","background-media":"","overlay-type":"","overlay-color":"","overlay-opacity":"","overlay-gradient":""},"mobile":{"background-color":"","background-image":"","background-repeat":"repeat","background-position":"center center","background-size":"auto","background-attachment":"scroll","background-type":"","background-media":"","overlay-type":"","overlay-color":"","overlay-opacity":"","overlay-gradient":""}},"ast-content-background-meta":{"desktop":{"background-color":"var(--ast-global-color-5)","background-image":"","background-repeat":"repeat","background-position":"center center","background-size":"auto","background-attachment":"scroll","background-type":"","background-media":"","overlay-type":"","overlay-color":"","overlay-opacity":"","overlay-gradient":""},"tablet":{"background-color":"var(--ast-global-color-5)","background-image":"","background-repeat":"repeat","background-position":"center center","background-size":"auto","background-attachment":"scroll","background-type":"","background-media":"","overlay-type":"","overlay-color":"","overlay-opacity":"","overlay-gradient":""},"mobile":{"background-color":"var(--ast-global-color-5)","background-image":"","background-repeat":"repeat","background-position":"center center","background-size":"auto","background-attachment":"scroll","background-type":"","background-media":"","overlay-type":"","overlay-color":"","overlay-opacity":"","overlay-gradient":""}},"footnotes":""},"class_list":["post-1368","page","type-page","status-publish","hentry"],"yoast_head":"<!-- This site is optimized with the Yoast SEO plugin v25.3 - https:\/\/yoast.com\/wordpress\/plugins\/seo\/ -->\n<title>Media &amp; Press reviews - SCS<\/title>\n<meta name=\"robots\" content=\"index, follow, max-snippet:-1, max-image-preview:large, max-video-preview:-1\" \/>\n<link rel=\"canonical\" href=\"http:\/\/www.infrasolution.ag\/scs\/media-press-reviews\/\" \/>\n<meta property=\"og:locale\" content=\"en_US\" \/>\n<meta property=\"og:type\" content=\"article\" \/>\n<meta property=\"og:title\" content=\"Media &amp; Press reviews - SCS\" \/>\n<meta property=\"og:description\" content=\"MEDIA La Vague n\u00b063 (10\/2019).Automatic Particle Measurement in Hot Air Sterilizing Tunnels (EN)Comptage de particules automatis\u00e9 dans les tunnels \u00e0 air chaud (FR)Link on LinkedIn CCI-Dialog (11\/2015).1,2,3 ich komme: Partikelz\u00e4hlen leicht gemacht beim Filterlecktest Pharma+Food (09\/2015).Online-Produktreferenz: Messsystem RobotScanFlex \u2013 intelligente Automatisierungsl\u00f6sungen. CC-Report (10\/2015).Cleanroom Award f\u00fcr roboter-gesteuerten Integrit\u00e4tstest CHEManager (01\/2016).Infrasolution gewinnt Cleanroom Award 2015.Read online =&gt; [&hellip;]\" \/>\n<meta property=\"og:url\" content=\"http:\/\/www.infrasolution.ag\/scs\/media-press-reviews\/\" \/>\n<meta property=\"og:site_name\" content=\"SCS\" \/>\n<meta property=\"article:modified_time\" content=\"2024-09-03T05:54:49+00:00\" \/>\n<meta property=\"og:image\" content=\"http:\/\/www.infrasolution.ag\/scs\/wp-content\/uploads\/2024\/07\/la-vague.jpg\" \/>\n<meta name=\"twitter:card\" content=\"summary_large_image\" \/>\n<meta name=\"twitter:label1\" content=\"Est. reading time\" \/>\n\t<meta name=\"twitter:data1\" content=\"1 minute\" \/>\n<script type=\"application\/ld+json\" class=\"yoast-schema-graph\">{\"@context\":\"https:\/\/schema.org\",\"@graph\":[{\"@type\":\"WebPage\",\"@id\":\"http:\/\/www.infrasolution.ag\/scs\/media-press-reviews\/\",\"url\":\"http:\/\/www.infrasolution.ag\/scs\/media-press-reviews\/\",\"name\":\"Media &amp; Press reviews - SCS\",\"isPartOf\":{\"@id\":\"http:\/\/www.infrasolution.ag\/scs\/#website\"},\"primaryImageOfPage\":{\"@id\":\"http:\/\/www.infrasolution.ag\/scs\/media-press-reviews\/#primaryimage\"},\"image\":{\"@id\":\"http:\/\/www.infrasolution.ag\/scs\/media-press-reviews\/#primaryimage\"},\"thumbnailUrl\":\"http:\/\/www.infrasolution.ag\/scs\/wp-content\/uploads\/2024\/07\/la-vague.jpg\",\"datePublished\":\"2024-07-01T13:45:24+00:00\",\"dateModified\":\"2024-09-03T05:54:49+00:00\",\"breadcrumb\":{\"@id\":\"http:\/\/www.infrasolution.ag\/scs\/media-press-reviews\/#breadcrumb\"},\"inLanguage\":\"en-US\",\"potentialAction\":[{\"@type\":\"ReadAction\",\"target\":[\"http:\/\/www.infrasolution.ag\/scs\/media-press-reviews\/\"]}]},{\"@type\":\"ImageObject\",\"inLanguage\":\"en-US\",\"@id\":\"http:\/\/www.infrasolution.ag\/scs\/media-press-reviews\/#primaryimage\",\"url\":\"http:\/\/www.infrasolution.ag\/scs\/wp-content\/uploads\/2024\/07\/la-vague.jpg\",\"contentUrl\":\"http:\/\/www.infrasolution.ag\/scs\/wp-content\/uploads\/2024\/07\/la-vague.jpg\",\"width\":300,\"height\":86},{\"@type\":\"BreadcrumbList\",\"@id\":\"http:\/\/www.infrasolution.ag\/scs\/media-press-reviews\/#breadcrumb\",\"itemListElement\":[{\"@type\":\"ListItem\",\"position\":1,\"name\":\"Home\",\"item\":\"http:\/\/www.infrasolution.ag\/scs\/\"},{\"@type\":\"ListItem\",\"position\":2,\"name\":\"Media &amp; Press reviews\"}]},{\"@type\":\"WebSite\",\"@id\":\"http:\/\/www.infrasolution.ag\/scs\/#website\",\"url\":\"http:\/\/www.infrasolution.ag\/scs\/\",\"name\":\"SCS\",\"description\":\"Smart Cleanroom Solutions GmbH\",\"publisher\":{\"@id\":\"http:\/\/www.infrasolution.ag\/scs\/#organization\"},\"potentialAction\":[{\"@type\":\"SearchAction\",\"target\":{\"@type\":\"EntryPoint\",\"urlTemplate\":\"http:\/\/www.infrasolution.ag\/scs\/?s={search_term_string}\"},\"query-input\":{\"@type\":\"PropertyValueSpecification\",\"valueRequired\":true,\"valueName\":\"search_term_string\"}}],\"inLanguage\":\"en-US\"},{\"@type\":\"Organization\",\"@id\":\"http:\/\/www.infrasolution.ag\/scs\/#organization\",\"name\":\"Smart Cleanroom Solutions GmbH\",\"url\":\"http:\/\/www.infrasolution.ag\/scs\/\",\"logo\":{\"@type\":\"ImageObject\",\"inLanguage\":\"en-US\",\"@id\":\"http:\/\/www.infrasolution.ag\/scs\/#\/schema\/logo\/image\/\",\"url\":\"http:\/\/www.infrasolution.ag\/scs\/wp-content\/uploads\/2024\/07\/SCS-Logo.png\",\"contentUrl\":\"http:\/\/www.infrasolution.ag\/scs\/wp-content\/uploads\/2024\/07\/SCS-Logo.png\",\"width\":600,\"height\":266,\"caption\":\"Smart Cleanroom Solutions GmbH\"},\"image\":{\"@id\":\"http:\/\/www.infrasolution.ag\/scs\/#\/schema\/logo\/image\/\"}}]}<\/script>\n<!-- \/ Yoast SEO plugin. -->","yoast_head_json":{"title":"Media &amp; Press reviews - SCS","robots":{"index":"index","follow":"follow","max-snippet":"max-snippet:-1","max-image-preview":"max-image-preview:large","max-video-preview":"max-video-preview:-1"},"canonical":"http:\/\/www.infrasolution.ag\/scs\/media-press-reviews\/","og_locale":"en_US","og_type":"article","og_title":"Media &amp; Press reviews - SCS","og_description":"MEDIA La Vague n\u00b063 (10\/2019).Automatic Particle Measurement in Hot Air Sterilizing Tunnels (EN)Comptage de particules automatis\u00e9 dans les tunnels \u00e0 air chaud (FR)Link on LinkedIn CCI-Dialog (11\/2015).1,2,3 ich komme: Partikelz\u00e4hlen leicht gemacht beim Filterlecktest Pharma+Food (09\/2015).Online-Produktreferenz: Messsystem RobotScanFlex \u2013 intelligente Automatisierungsl\u00f6sungen. CC-Report (10\/2015).Cleanroom Award f\u00fcr roboter-gesteuerten Integrit\u00e4tstest CHEManager (01\/2016).Infrasolution gewinnt Cleanroom Award 2015.Read online =&gt; [&hellip;]","og_url":"http:\/\/www.infrasolution.ag\/scs\/media-press-reviews\/","og_site_name":"SCS","article_modified_time":"2024-09-03T05:54:49+00:00","og_image":[{"url":"http:\/\/www.infrasolution.ag\/scs\/wp-content\/uploads\/2024\/07\/la-vague.jpg","type":"","width":"","height":""}],"twitter_card":"summary_large_image","twitter_misc":{"Est. reading time":"1 minute"},"schema":{"@context":"https:\/\/schema.org","@graph":[{"@type":"WebPage","@id":"http:\/\/www.infrasolution.ag\/scs\/media-press-reviews\/","url":"http:\/\/www.infrasolution.ag\/scs\/media-press-reviews\/","name":"Media &amp; Press reviews - SCS","isPartOf":{"@id":"http:\/\/www.infrasolution.ag\/scs\/#website"},"primaryImageOfPage":{"@id":"http:\/\/www.infrasolution.ag\/scs\/media-press-reviews\/#primaryimage"},"image":{"@id":"http:\/\/www.infrasolution.ag\/scs\/media-press-reviews\/#primaryimage"},"thumbnailUrl":"http:\/\/www.infrasolution.ag\/scs\/wp-content\/uploads\/2024\/07\/la-vague.jpg","datePublished":"2024-07-01T13:45:24+00:00","dateModified":"2024-09-03T05:54:49+00:00","breadcrumb":{"@id":"http:\/\/www.infrasolution.ag\/scs\/media-press-reviews\/#breadcrumb"},"inLanguage":"en-US","potentialAction":[{"@type":"ReadAction","target":["http:\/\/www.infrasolution.ag\/scs\/media-press-reviews\/"]}]},{"@type":"ImageObject","inLanguage":"en-US","@id":"http:\/\/www.infrasolution.ag\/scs\/media-press-reviews\/#primaryimage","url":"http:\/\/www.infrasolution.ag\/scs\/wp-content\/uploads\/2024\/07\/la-vague.jpg","contentUrl":"http:\/\/www.infrasolution.ag\/scs\/wp-content\/uploads\/2024\/07\/la-vague.jpg","width":300,"height":86},{"@type":"BreadcrumbList","@id":"http:\/\/www.infrasolution.ag\/scs\/media-press-reviews\/#breadcrumb","itemListElement":[{"@type":"ListItem","position":1,"name":"Home","item":"http:\/\/www.infrasolution.ag\/scs\/"},{"@type":"ListItem","position":2,"name":"Media &amp; Press reviews"}]},{"@type":"WebSite","@id":"http:\/\/www.infrasolution.ag\/scs\/#website","url":"http:\/\/www.infrasolution.ag\/scs\/","name":"SCS","description":"Smart Cleanroom Solutions GmbH","publisher":{"@id":"http:\/\/www.infrasolution.ag\/scs\/#organization"},"potentialAction":[{"@type":"SearchAction","target":{"@type":"EntryPoint","urlTemplate":"http:\/\/www.infrasolution.ag\/scs\/?s={search_term_string}"},"query-input":{"@type":"PropertyValueSpecification","valueRequired":true,"valueName":"search_term_string"}}],"inLanguage":"en-US"},{"@type":"Organization","@id":"http:\/\/www.infrasolution.ag\/scs\/#organization","name":"Smart Cleanroom Solutions GmbH","url":"http:\/\/www.infrasolution.ag\/scs\/","logo":{"@type":"ImageObject","inLanguage":"en-US","@id":"http:\/\/www.infrasolution.ag\/scs\/#\/schema\/logo\/image\/","url":"http:\/\/www.infrasolution.ag\/scs\/wp-content\/uploads\/2024\/07\/SCS-Logo.png","contentUrl":"http:\/\/www.infrasolution.ag\/scs\/wp-content\/uploads\/2024\/07\/SCS-Logo.png","width":600,"height":266,"caption":"Smart Cleanroom Solutions GmbH"},"image":{"@id":"http:\/\/www.infrasolution.ag\/scs\/#\/schema\/logo\/image\/"}}]}},"_links":{"self":[{"href":"http:\/\/www.infrasolution.ag\/scs\/wp-json\/wp\/v2\/pages\/1368","targetHints":{"allow":["GET"]}}],"collection":[{"href":"http:\/\/www.infrasolution.ag\/scs\/wp-json\/wp\/v2\/pages"}],"about":[{"href":"http:\/\/www.infrasolution.ag\/scs\/wp-json\/wp\/v2\/types\/page"}],"author":[{"embeddable":true,"href":"http:\/\/www.infrasolution.ag\/scs\/wp-json\/wp\/v2\/users\/1"}],"replies":[{"embeddable":true,"href":"http:\/\/www.infrasolution.ag\/scs\/wp-json\/wp\/v2\/comments?post=1368"}],"version-history":[{"count":0,"href":"http:\/\/www.infrasolution.ag\/scs\/wp-json\/wp\/v2\/pages\/1368\/revisions"}],"wp:attachment":[{"href":"http:\/\/www.infrasolution.ag\/scs\/wp-json\/wp\/v2\/media?parent=1368"}],"curies":[{"name":"wp","href":"https:\/\/api.w.org\/{rel}","templated":true}]}}